z?
15
Let s be (2 - 3 - -5)*(-1)/(-4). Let v = s - 33. Let u = 52 + v. What is the remainder when 99 is divided by u?
19
Suppose -519*l - 5195 = -542*l + 1866. Calculate the remainder when 321 is divided by l.
14
Let n(k) = -30*k**2 - 2221*k - 17. Calculate the remainder when 166 is divided by n(-74).
52
Let y(i) = -i**3 + 5*i**2 + 15*i - 19. Let c be y(7). Calculate the remainder when 155 is divided by -1 + 324/(-8)*16/c.
49
Let w = 5468 - 4909. Calculate the remainder when w is divided by 20.
19
Calculate the remainder when (12054/104 - (-22)/1287*-9)*4 is divided by 110.
23
Let c = -816 - -892. What is the remainder when c is divided by 65?
11
Calculate the remainder when 7894 is divided by 32/32 + 80 + 4 + -1.
82
Suppose -736*n + 732*n = 3*a - 2011, -2*a - 1986 = -4*n. What is the remainder when 1998 is divided by n?
2
Suppose 36*u - 5*f = 32*u + 145, 3*u + 5*f - 65 = 0. Suppose 187*p = 180*p + 105. Calculate the remainder when u is divided by p.
0
Let k be 0 + 8 + 18/(-6)*2. Suppose -k*w = 4*a - 874, a + 17 = -3*w + 243. Calculate the remainder when a is divided by 53.
5
Let a = 49 + -241. Let t = -178 - a. What is the remainder when 40 is divided by t?
12
Let m(u) = -18*u + 2. Suppose 17*v - 6*v = 858. What is the remainder when m(-1) is divided by (-5)/(-25) - v/(-10)?
4
Suppose g = 2, -1 + 2 = -3*q + 5*g. Suppose -2*l - 5*n = l - 709, 0 = -4*l + q*n + 955. What is the remainder when l is divided by 30?
28
Suppose 2*w - 106 = 4*g, 34*w - 7*g - 10 = 35*w. Calculate the remainder when 45 is divided by w.
6
Let o be 10/8*(-8 - -12). Suppose 85 = o*i + 75. Calculate the remainder when 6 is divided by i.
0
Let z = -1614 + 2041. Calculate the remainder when z is divided by 106.
3
Suppose -24*w + 27*w = 486. Suppose -4*n - 51*z + w = -52*z, -n = z - 43. What is the remainder when 655 is divided by n?
40
Let b = 13521 + -13504. Let i be 4/10 - 4/10. Suppose 262 = 4*z + m, i = -2*m + 1 + 3. What is the remainder when z is divided by b?
14
Let t(x) = x**2 + 63*x - 1096. What is the remainder when t(-78) is divided by 2/(-1 - 1) - -20?
17
Let b be (9 - 7) + -2 - (1 - 23). Let n(f) = 2*f + 85. Calculate the remainder when n(b) is divided by 45.
39
Let v(c) = c**2 - 37*c + 253. What is the remainder when 1049 is divided by v(29)?
20
Let p(x) = 21*x - 168. Let k be 36/60 + (-321)/(-15). What is the remainder when p(k) is divided by 33?
30
Let y be -1*12/54*-18. Suppose 2*w - 29 = -5*v, -y*v + w + w + 34 = 0. Suppose -81 = 4*l - 7*l. Calculate the remainder when l is divided by v.
6
Let y(v) = -v**3 - 9*v**2 + 8*v + 27. Let f = -2 + 6. Let c be f*1 + 3 + -9 + -8. Calculate the remainder when y(c) is divided by 14.
5
Let s(k) = k + 2. Let q be s(-7). Let o(j) = -4*j + 15. Let i(h) = 2*h - 8. Let p(w) = -9*i(w) - 4*o(w). Calculate the remainder when p(q) is divided by 8.
6
Suppose -3360 = -221*c + 61*c. Let b(p) = p**2 + 3*p - 5. What is the remainder when b(5) is divided by c?
14
Let m = -158 - -163. Suppose -m*v + 1373 = 348. What is the remainder when v is divided by 35?
30
Let f(c) = 45*c + 822. What is the remainder when 186 is divided by f(-18)?
6
Suppose 0 = 16*i - 37 - 11. Suppose -i*k + 40 = 1. Suppose -15 = -3*d - 2*d, 0 = 3*x - 3*d - 66. What is the remainder when x is divided by k?
12
Suppose -4*a + 8 = 2*s, 18*s - 15*s - 14 = -4*a. Let k(w) = 46*w - 263. Calculate the remainder when 51 is divided by k(s).
12
Let c be (2/6*-7)/(2/(-6)). Let n(t) = -t + 102. What is the remainder when n(c) is divided by 7?
4
Suppose -282*f = -175*f + 20828 - 132536. Calculate the remainder when f is divided by 407.
230
Let b(z) = -z**3 - 38*z**2 - 37*z + 45. Let j be b(-37). Calculate the remainder when (72/j)/(-4) - (-564)/10 is divided by 13.
4
Let m(t) = t + 34. Let v(b) = b**3 - 4*b**2 + b - 7. Let o be v(3). What is the remainder when 60 is divided by m(o)?
18
Let z(g) = 6*g**3 - 2*g**2 + g. Let w = -547 + 360. Calculate the remainder when 18 + 901/w + (-2)/11 is divided by z(1).
3
Let a = -2178 + 3354. Let p = 1194 - a. Let z(o) = 2*o + 2. What is the remainder when p is divided by z(4)?
8
Let b(n) = n**2 - 484*n - 2918. Calculate the remainder when 3613 is divided by b(-6).
5
What is the remainder when 3472 is divided by 2/((-12305)/92092*4 - 6/(-11))?
14
Let i(n) = n**2 + 14*n + 10. Let l be i(-14). Let s be 6/l*(-5 - -10). What is the remainder when 5 is divided by (s/4)/((-3)/(-8))?
1
Suppose 18*i = 7*i + 363. Suppose -10*m = m - i. Suppose 2*f - 3*p = 36, 5*p - 40 + 5 = -m*f. What is the remainder when 39 is divided by f?
9
Suppose -10*f = 96 - 486. Suppose -f = -3*l - 12. Calculate the remainder when 276 is divided by l.
6
Suppose z = 2, -86 = 3*d - 4*z + 3*z. What is the remainder when 5/(-35) + (-2972)/d is divided by 56?
50
Suppose 54*r - 248 = 58*r. Let i = r + 82. Suppose 4*l = 6 + 30. What is the remainder when i is divided by l?
2
Suppose 4*f + 3*r - 1100 = 0, -5*r - 767 = -4*f + f. Calculate the remainder when 368 is divided by f.
99
Let p(v) = 3*v**2 - 72*v + 44. Let c be p(24). Suppose -4*h + 57 = 5*f - 2*h, 2*h - c = -4*f. Calculate the remainder when 65 is divided by f.
0
Let w(x) = -x + 46. Let q be (1 - 3)/((-4)/(-54))*-1. Calculate the remainder when w(q) is divided by 2.
1
Suppose 63*z - 70*z + 28 = 0. Calculate the remainder when 42 + (1 - -5 - z) is divided by 25.
19
Suppose 15 = 44*j - 41*j. Suppose 0 = -s + 1 + j. Suppose 5*n - 8*n = -45. What is the remainder when n is divided by s?
3
Let f(u) = -28*u**3 - 4*u**2 - 4*u - 2. Suppose 0 = -2*g + 10, 47 + 143 = 5*r + 2*g. What is the remainder when f(-2) is divided by r?
34
Suppose -n - 2*n = -3*c, 5*n - 10 = -5*c. Calculate the remainder when 97 is divided by 0 + -5 + 32*n.
16
Suppose 0 = 2*i + n - 581, -8*n - 1127 = -4*i - 5*n. What is the remainder when i is divided by 4?
3
Let c(h) be the third derivative of 5*h**4/24 + 65*h**3/2 + 12*h**2 + 3. Calculate the remainder when c(-25) is divided by 19.
13
Let b(z) = -82*z - 25*z - 109*z - 114*z - 10. Calculate the remainder when b(-1) is divided by 54.
50
Suppose 3*j = -104 + 269. Let w(r) = 7*r - 3*r**2 + 14 + 15*r + 28*r + 7*r. Calculate the remainder when j is divided by w(19).
13
Let z = -2694 - -2980. Calculate the remainder when z is divided by 34.
14
Let p = -741 - -785. Calculate the remainder when 467 is divided by p.
27
Suppose 1116 = 7*b - 1089. Suppose -7*i - 8*i + b = 0. Calculate the remainder when i is divided by 13.
8
Suppose 0 = 111*k - 217*k + 103*k + 630. What is the remainder when 637 is divided by k?
7
Let g = 271 + -131. Suppose g = 19*y - 18*y. Calculate the remainder when y is divided by 24.
20
Suppose 117*d = 121*d - 4. Suppose -2*g + d = -7, -5*n + 5*g + 225 = 0. What is the remainder when n is divided by 1/(-2)*2 + 14?
10
Let d(t) = 9*t**3 + 5*t**3 + 71*t + 37*t**2 - 13*t**3 + 62. What is the remainder when d(-35) is divided by 10?
7
Let r be 57/38 + 2/(-4). Suppose 2*v + 3*j = r, 12 = 3*j + j. What is the remainder when (-11)/v*(39 - 3) is divided by 51?
48
Let o = 2177 - 6. What is the remainder when o is divided by 28?
15
Let x be ((-772)/(-16) - -2)/(7/(-28)). Let h = -161 - x. Calculate the remainder when 88 is divided by h.
8
Let g(u) = -2*u**3 + 20*u**2 + 11*u + 1. Calculate the remainder when 2330 is divided by g(10).
110
Let y = 283 - 278. Suppose -3*q - 168 = -4*t - y*q, -2*q + 127 = 3*t. Calculate the remainder when t is divided by 19.
3
Suppose 2*w = d - 34, -3*w + d - 33 = 4*d. Let n = 19 + w. Calculate the remainder when (1 - 6)*(-144)/40 is divided by n.
2
Let s = 18167 + -18128. Calculate the remainder when 10411 is divided by s.
37
What is the remainder when 24746 is divided by 26 + 4340/(-168) - 874/(-12)?
72
Let x = -11261 + 11269. Calculate the remainder when 2438 is divided by x.
6
Suppose 1450 = 2*i + 46*i + 394. What is the remainder when 69 is divided by i?
3
Let r = -139 + 196. Suppose 4*m = -2*a + 202, -2*a = -384*m + 379*m - 184. Calculate the remainder when a is divided by r.
40
Suppose 62*a + 20 = 60*a. Let n be (12/a)/(3/(-20)). Suppose 0 = -5*k - 3*s + 82, 3*k - 5*s - n = k. Calculate the remainder when 80 is divided by k.
10
Suppose 0 = -q, 6*p - 42 = 3*p + q. Suppose 0 = p*s - 2*s - 60. Calculate the remainder when 47 is divided by s.
2
Let h(z) = 4*z**2 - 35*z - 888.